 1. Let n(g) = -4*g - 5. Let j be n(-2). Let z(q) = 14*q**3 - 2*q**2 - 3*q + 2. Let i(f) = j*s(f) + z(f). What is i(-1)?
-17
Let d(n) = -n**3 - 6*n**2 + n + 8. Let m = 1 + 2. Suppose -23 = 3*b + 5*p, -m*b = 2*b - p + 29. Give d(b).
2
Suppose 0 = 5*z - 5*t + 46 - 111, 5*z - t - 49 = 0. Let w(s) = 3*s**2 + 18*s + 9. Let o(d) = -d**2 - 9*d - 4. Let r(u) = -5*o(u) - 2*w(u). Calculate r(z).
2
Let c(k) = -6*k - 28. Let h(r) = -8*r - 23. Let z(o) = 3*c(o) - 4*h(o). Determine z(-1).
-6
Let q be 3/(0 + (-15)/(-20)). Let u(b) = -6*b + 2 - q*b + b**2 + 4*b. What is u(4)?
-6
Let v(j) = -19*j + 972. Let w be v(51). Let i(a) = 13*a**2 - 6*a - 15. Let r(d) = 6*d**2 - 3*d - 7. Let y(g) = 4*i(g) - 9*r(g). Calculate y(w).
-6
Let m(z) = z - 5. Let h(i) = i**2 - 9*i - 9. Let s be h(9). Let x be (-21)/28 + s/(-12). Calculate m(x).
-5
Suppose 5*a = 3*q + 1 - 23, a + 5 = 0. Let w be 2/(-5) - 21/(-15). Let f(p) = p + 5*p - 3*p + w. Calculate f(q).
-2
Let u(d) be the second derivative of d**5/20 + 3*d**4/4 + d**3/6 + 9*d**2/2 + 10*d. Let i be u(-9). Let w(m) = -m - 3. Give w(i).
-3
Suppose -10*x + 31 + 39 = 0. Let s(a) = -a**3 + 8*a**2 - 2*a - 6. Determine s(x).
29
Let d(i) = 29*i**2 - 8*i + 9. Let q(v) = -5*v**2 + 1. Let u(w) = d(w) + 6*q(w). Determine u(-10).
-5
Let w(z) = z**2 - 6*z - 2. Let t be w(7). Suppose -5 = t*u - 15. Let y(r) = 4*r - 4 - u*r - 3*r - r. Determine y(4).
-12
Let v = 993 + -984. Let z(l) = -4*l + 33. Determine z(v).
-3
Let j(h) = h**3 - 5*h**2 - 5*h - 2. Let m be (65/39)/(4/(-144)*-10). Give j(m).
4
Let g(b) = 2*b - 1. Let y(f) = -f + 1. Let h(d) = -2*g(d) - 3*y(d). Let t(l) = -4*l + 1. Let o(v) = -5*h(v) + t(v). What is o(6)?
12
Let v(s) = 2*s - 11. Suppose 2*g = 2*w - 26 - 2, 0 = g + 2. What is v(w)?
13
Let y(m) = 2 + 2*m + 5*m - 1 - 4*m - 4*m. Determine y(1).
0
Let y(n) be the third derivative of -1/60*n**5 + 0*n - 2*n**2 + 1/3*n**3 - 1/3*n**4 + 0. Give y(-7).
9
Suppose 44*l - 3*j + 11 = 48*l, 2*j - 9 = -3*l. Let x(d) = -d**3 + 6*d**2 - 4*d - 3. Let n be x(5). Let y(m) = -5*m - m**n + m**2 - 4 + m**2. Calculate y(l).
-4
Let l = -140 + 82. Let f = -61 - l. Let m(j) = j**3 + 2*j**2 - j + 3. Give m(f).
-3
Let m(r) = 10*r - 216. Let x be m(22). Let s(a) = -a**3 + 4*a**2 - 4*a + 9. What is s(x)?
-7
Let a(g) = 4*g + 7110 - 3556 - 3559. Determine a(7).
23
Let o(s) = -7*s**2 - 7*s - 4. Let g(h) = -6*h**2 - 6*h - 3. Let j(a) = a**3 + 15*a**2 - 5. Let y be j(-15). Let q(b) = y*o(b) + 6*g(b). Determine q(-3).
-4
Let b(s) = -66 - 5*s - 63 + 133 - 3*s. Suppose 8*r - 30 = -2*r. Calculate b(r).
-20
Let i be ((-3)/1)/(3/4). Let b(p) be the second derivative of -2*p**3/3 - 2*p**2 - 70*p + 2. What is b(i)?
12
Let z(t) be the third derivative of t**7/840 - t**6/360 + t**5/60 + 9*t**3/2 + 27*t**2. Let b(d) be the first derivative of z(d). Calculate b(3).
24
Let t(z) be the first derivative of -z**4/4 - 3*z**3 - 3*z**2/2 - 10*z - 3. Let w be t(-9). Suppose 5*l + w = -3. Let d(n) = n**2 + 5*n + 3. Give d(l).
-1
Suppose 4*z = -5*f - 16, 224*z = -4*f + 221*z - 14. Let g(l) = l. Let d(k) = 2*k. Let p(v) = 3*d(v) - 5*g(v). Give p(f).
-8
Let x = 1 + 6. Let j = 8 - x. Let d(b) be the third derivative of -b**5/10 + b**4/24 - b**3/6 + 2*b**2. Give d(j).
-6
Let w(g) = -3*g + 11. Let o(f) = 4*f - 16. Let h(x) = -2*o(x) - 3*w(x). Calculate h(9).
8
Let a(r) be the second derivative of 3*r**5/4 - r**3/6 + r**2/2 + 18*r - 6. What is a(1)?
15
Let o(y) = -y**2 + y. Let n(r) = -3*r**2 + 8*r + 5. Let m(a) = n(a) - 4*o(a). Let b = 47 + -20. Let t be (9/b)/(2/(-30)). What is m(t)?
10
Let r(w) = w**2 - 5*w + 4. Let v = 19 + -15. Let s be r(v). Let p(o) = -o - 5. Give p(s).
-5
Let c(u) = 15325 - 15*u - 30640 + 15315. Let v = 2 - 1. What is c(v)?
-15
Let p(q) = -q**3 + 11*q**2 + 8. Let t be (11/(-6))/((-18)/108). What is p(t)?
8
Let y(p) = -9*p + 0*p - 12 - p - p - p**2 + 2*p. Give y(-6).
6
Let j(w) be the second derivative of 7/6*w**3 - 1/4*w**4 + 5/2*w**2 + 0 - 1/20*w**5 + 5*w. Calculate j(-4).
-7
Let a(m) = 19*m - 48. Let x be a(3). Let t(r) = -r**3 + 10*r**2 - 11*r + 12. What is t(x)?
-6
Let m be (-45)/(-50)*5*8/6. Let p(o) = 9 - m*o + o**2 - o**3 + 2*o + 5*o**2. Determine p(6).
-15
Suppose -21 + 9 = -2*c. Let n(y) be the first derivative of y**3/6 - 5*y**2/2 - 4*y - 10. Let t(s) be the first derivative of n(s). Give t(c).
1
Let q(j) be the second derivative of j**5/20 + j**4/12 + j**2/2 - 2*j. Suppose -54 + 48 = 2*n. Determine q(n).
-17
Let x(a) = 8*a**2 + 19*a + 2. Let q(p) = 3*p**2 + 8*p + 1. Let c(j) = 5*q(j) - 2*x(j). Determine c(4).
-7
Suppose -4*p + 6 = -54. Suppose l - p = -4*l. Let w(d) = 4 - 5*d + l*d**2 + 2*d + 2*d - 4*d**2. Determine w(-3).
-2
Let b(x) = -x**3 - 11*x**2 - 3*x - 11. Let m be b(-11). Let i be 9/(2 + 1 - 33/m). Let g(h) be the third derivative of h**4/24 - h**3/2 - 2*h**2. What is g(i)?
3
Let u(y) = y**2 + y + 1. Let k(l) = -3*l**2 - 2*l + 9. Let c(b) = k(b) + 2*u(b). Let h(o) = 2*o**2 + o - 21. Let j(d) = -7*c(d) - 4*h(d). Calculate j(-5).
2
Let j(a) = -a**3 - 6*a**2 - 5*a + 4. Let m be j(-5). Suppose m = o + 1. Suppose -2*g + 5 = 3*c, -20 = -2*c + 5*g - o*g. Let y(t) = -t - 1. Calculate y(c).
-6
Suppose l - 4 = 0, -3*o - 2*l + 12 = l. Suppose o = -q + 3*q - 6. Let k(z) = 3*z - 4*z - 4 + z**2 + z. Give k(q).
5
Suppose -3*f + 25 = 2*f. Let v(g) = 9*g - 20. Let t be v(3). Let i(u) = -5*u + 7*u - t - f*u. What is i(-6)?
11
Let y(x) = 3*x + 6. Let j be (-22 - -14) + (3 - 0). What is y(j)?
-9
Let t(o) = -2*o**2. Let d(k) = 11*k**2 + 13*k - 40. Let l(s) = -d(s) - 5*t(s). Give l(-16).
-8
Let z(p) = -p**3 - 14*p**2 - 9*p + 15. Let d be z(-13). Let m = -34 - d. Let y be (7 - 3)/(m + -2). Let q(c) = c**3 - 3*c**2 - 4*c + 4. Give q(y).
4
Let i = 75 - 70. Suppose -i*t - 2 = -2. Let g(z) = -2*z**2 - 1. Let n(w) = w**3 - w**2 + 1. Let y(l) = -g(l) + n(l). Calculate y(t).
2
Let u(a) be the third derivative of -a**6/120 + a**5/12 - a**4/4 + a**3/3 + 3*a**2 - 1. Calculate u(4).
-6
Let v(o) = 6*o - 12. Let a(m) = 4*m - 7. Let j(f) = -8*a(f) + 5*v(f). Give j(-2).
0
Let t(x) = 0 - 3 - 9*x + 6*x**2 + 0 + 4*x**2 - x - x**3. Calculate t(9).
-12
Let m(n) = -n**3 - 5*n**2 - 3*n - 6. Let v be 4 + -9 - 4/(-4). Calculate m(v).
-10
Let l(n) = -3 - 3 - 3*n**2 + 6*n**2 + 3. Let o be l(2). Let d(v) = 3*v**2 + 5*v + 3 + v**3 + 0*v - o*v. Determine d(-4).
3
Let r(x) be the first derivative of x**2/2 + 6*x - 405. Let t = 8 - 14. Determine r(t).
0
Let y(f) be the first derivative of f**4/4 + 5*f**3/3 - f**2 + 5*f + 174. Suppose -4*t + 7*t = -15. Calculate y(t).
15
Let m(b) = -b - 1. Let a be 3 - 3 - 0 - (-106)/2. Let l = a - 49. What is m(l)?
-5
Let s be (4 + -5)*(-2 + 2). Suppose -g - 29 = -f + 3*g, f - 2*g - 19 = s. Suppose 0 = -16*v + 13*v - f. Let l(i) = -i**3 - 3*i**2 - 2*i - 3. What is l(v)?
3
Let i(n) be the first derivative of n**2/2 - 15*n + 19. What is i(9)?
-6
Let w(j) = -j**3 + 7*j**2 - 7*j + 2. Let g(f) = -f**3 - 7*f**2 - 6*f. Let h be g(-6). Suppose -5*q + 20 = -10. Suppose 0 = -h*i - q*i + 36. Give w(i).
-4
Let q(w) = -16*w - 6. Let c(o) = -3*o - 1. Let l(z) = -24*c(z) + 4*q(z). Give l(-3).
-24
Let b(u) = 2*u**3 + u**2 + u + 1. Let l = -148 - -146. Give b(l).
-13
Let a(o) = -2 - o**2 - 14 - 2 + 14*o. Let t be 14/1 + (-1 - 3) + 2. Let w be a(t). Let x(i) = i**3 - 6*i**2 - 2*i + 7. Determine x(w).
-5
Let s(c) be the third derivative of -c**5/60 - 3*c**4/8 - 5*c**3/6 + c**2. Let x = -2088 - -2082. Determine s(x).
13
Let p be (-115)/(-20) - 2/(-8). Let n(m) = 8*m - 7. Let d(x) = -9*x + 7. Let a(s) = p*d(s) + 7*n(s). Suppose -4*h + 9*h - 25 = 0. What is a(h)?
3
Let m(w) be the first derivative of 2*w**3/3 - w**2 + 4*w - 63. What is m(3)?
16
Let b = 10 - 8. Let f be (-2 + 1)/(b/4). Let m(v) be the third derivative of v**4/24 - v**3/6 - 5*v**2. Determine m(f).
-3
Let d(x) = -2 + 4*x + 2 - 5. Let n = 319 - 315. What is d(n)?
11
Let o = 30 - 25. Suppose -f + 1 = r - 2*r, -5*f = -r - 17. Let j(x) = f*x - x + 0*x - 2 - 4*x. What is j(o)?
-7
Let b(s) = -s**2 + 1. Let u = 14 + -15. Let z(o) = -2*o + 7. Let d(f) = u*z(f) + 6*b(f). Determine d(1).
-5
Let x(f) = -343*f - 3 - 2 - 347*f + 3 + 692*f. Determine x(1).
0
Let o(j) = -j**2 + 3*j + 5. Let y(g) = -g**3 + 6*g**2 - 10. Let n be y(5). Suppose 5*i - 41 = -4*w, -5*w + n = -3*i + 2*i. Calculate o(i).
-5
Let h(p) = 129*p + 132*p - 9 - 2